{"id":8065,"date":"2024-05-06T08:10:43","date_gmt":"2024-05-06T08:10:43","guid":{"rendered":"https:\/\/www.iparlat.com\/politika-korporatiboa\/"},"modified":"2024-05-06T08:29:11","modified_gmt":"2024-05-06T08:29:11","slug":"politika-korporatiboa","status":"publish","type":"page","link":"https:\/\/www.iparlat.com\/eu\/politika-korporatiboa\/","title":{"rendered":"Politika korporatiboa"},"content":{"rendered":"\n<div style=\"height:100px\" aria-hidden=\"true\" class=\"wp-block-spacer\"><\/div>\n\n<h1 class=\"wp-block-heading\"><strong>Politika korporatiboa<\/strong><\/h1>\n\n<p> Buscamos un proyecto empresarial en el \u00e1mbito de la alimentaci\u00f3n basado en las personas que, trabajando en equipo hagan de las plantas del grupo Iparlat, mediante la continua satisfacci\u00f3n de los clientes, una de las empresas l\u00edderes del mercado. Basamos nuestro modelo en cinco premisas fundamentales:  <\/p>\n\n<h3 class=\"wp-block-heading has-text-color has-link-color wp-elements-ab766ba3a94bbdf32e06534b8fb86adb\" style=\"color:#365f92\">1.- EL COMPROMISO CON NUESTROS CLIENTES\/CONSUMIDORES<br\/><\/h3>\n\n<p>Estamos en constante comunicaci\u00f3n con los clientes con la finalidad de conocer sus opiniones, necesidades y expectativas. Todas ellas son consideradas en todo momento e incorporadas gradualmente a nuestros productos y procesos, trat\u00e1ndolas por tanto como constantes oportunidades de mejora. <\/p>\n\n<h3 class=\"wp-block-heading has-text-color has-link-color wp-elements-a46b484f4607a8d43679e13f2dd75cc4\" style=\"color:#365f92\">2.- RESPONSABILIDAD \u00c9TICA Y PERSONAL<\/h3>\n\n<p>La formaci\u00f3n, la informaci\u00f3n y la comunicaci\u00f3n, se consideran planteamientos imprescindibles para la participaci\u00f3n activa de todo el personal en la empresa y su identificaci\u00f3n con los objetivos de la misma. As\u00ed mismo, consideramos fundamental impulsar la cultura de compartir valores, creencias y normas que afectan a la mentalidad y el comportamiento hacia la seguridad alimentaria, adem\u00e1s de ser respetuosos con los derechos de los trabajadores. <\/p>\n\n<h3 class=\"wp-block-heading has-text-color has-link-color wp-elements-7c222d9348dbeafcf49d955821db93fe\" style=\"color:#365f92\">3.- EL PRODUCTO<\/h3>\n\n<p>Los productos que elaboran las plantas de Iparlat constituyen fiel reflejo de nuestra organizaci\u00f3n, y la calidad y seguridad alimentaria de los mismos vendr\u00e1 dada desde la materia prima al producto final.<br\/>Cada producto es elaborado teniendo siempre en cuenta los requisitos internos de la organizaci\u00f3n, los requisitos legales aplicables y los requisitos del cliente y para cumplir con este fin la empresa trabaja bajo normas de certificaci\u00f3n de sistemas de calidad.<br\/>As\u00ed mismo, para proteger los productos frente a contaminaciones intencionadas Iparlat tiene establecido un \u201cPlan de Defensa de los Alimentos (Food Defense)\u201d y un \u201cPlan de mitigaci\u00f3n del fraude (Food Fraud)\u201d en el que se contemplan diferentes medidas preventivas en: materias primas, materiales auxiliares, ingredientes, transporte, exteriores, interiores y personal (empleados internos, subcontratas y visitas).<\/p>\n\n<h3 class=\"wp-block-heading has-text-color has-link-color wp-elements-9ce25898d4573179ac37545587f7d47b\" style=\"color:#365f92\">4.- EL COMPROMISO CON EL MEDIO AMBIENTE<\/h3>\n\n<p>Hacemos expresa la voluntad de cumplir las exigencias de la legislaci\u00f3n medioambiental y reglamentos aplicables, y otros requisitos que se suscriban, en relaci\u00f3n a nuestros aspectos ambientales.<\/p>\n\n<h3 class=\"wp-block-heading has-text-color has-link-color wp-elements-c472c39d4c73fd0f23024db81fd512fd\" style=\"color:#365f92\">5.- SOSTENIBILIDAD<\/h3>\n\n<p>Somos conscientes de que el desarrollo sostenible desde el punto de vista medioambiental, econ\u00f3mico y social resulta imprescindible para mejorar el bienestar y las condiciones de vida de las generaciones presentes y futuras. Y por ello Iparlat tendr\u00e1 en cuenta estos aspectos en el desarrollo de sus funciones y actividades. <br\/><\/p>\n\n<p>El cumplimiento de estas premisas, junto con nuestra gesti\u00f3n diaria y la mejora continua, nos garantizar\u00e1 el \u00e9xito de nuestro modelo de negocio.<\/p>\n\n<figure class=\"wp-block-image alignright\"><img loading=\"lazy\" decoding=\"async\" width=\"200\" height=\"93\" src=\"https:\/\/www.iparlat.com\/wp-content\/uploads\/2022\/12\/firma-director-iparlat.jpg\" alt=\"\" class=\"wp-image-7709\"\/><figcaption class=\"wp-element-caption\">Angel M\u00ba Gil<br\/><em>Director General de Iparlat<\/em><\/figcaption><\/figure>\n\n<p><\/p>\n\n<div style=\"height:40px\" aria-hidden=\"true\" class=\"wp-block-spacer\"><\/div>\n\n<p><a href=\"https:\/\/www.iparlat.com\/wp-content\/uploads\/2024\/05\/Politica-Corporativa-Iparlat.pdf\" data-type=\"link\" data-id=\"https:\/\/www.iparlat.com\/wp-content\/uploads\/2024\/05\/Politica-Corporativa-Iparlat.pdf\" target=\"_blank\" rel=\"noreferrer noopener\">Descargar en formato PDF<\/a><\/p>\n\n<div style=\"height:100px\" aria-hidden=\"true\" class=\"wp-block-spacer\"><\/div>\n","protected":false},"excerpt":{"rendered":"<p>Politika korporatiboa Buscamos un proyecto empresarial en el \u00e1mbito de la alimentaci\u00f3n basado en las personas que, trabajando en equipo hagan de las plantas del grupo Iparlat, mediante la continua satisfacci\u00f3n de los clientes, una de las empresas l\u00edderes del mercado. Basamos nuestro modelo en cinco premisas fundamentales: 1.- EL COMPROMISO CON NUESTROS CLIENTES\/CONSUMIDORES Estamos [&hellip;]<\/p>\n","protected":false},"author":1,"featured_media":0,"parent":0,"menu_order":0,"comment_status":"closed","ping_status":"closed","template":"","meta":{"_acf_changed":false,"_et_pb_use_builder":"off","_et_pb_old_content":"","_et_gb_content_width":"","footnotes":""},"class_list":["post-8065","page","type-page","status-publish","hentry"],"acf":[],"_links":{"self":[{"href":"https:\/\/www.iparlat.com\/eu\/wp-json\/wp\/v2\/pages\/8065","targetHints":{"allow":["GET"]}}],"collection":[{"href":"https:\/\/www.iparlat.com\/eu\/wp-json\/wp\/v2\/pages"}],"about":[{"href":"https:\/\/www.iparlat.com\/eu\/wp-json\/wp\/v2\/types\/page"}],"author":[{"embeddable":true,"href":"https:\/\/www.iparlat.com\/eu\/wp-json\/wp\/v2\/users\/1"}],"replies":[{"embeddable":true,"href":"https:\/\/www.iparlat.com\/eu\/wp-json\/wp\/v2\/comments?post=8065"}],"version-history":[{"count":3,"href":"https:\/\/www.iparlat.com\/eu\/wp-json\/wp\/v2\/pages\/8065\/revisions"}],"predecessor-version":[{"id":8068,"href":"https:\/\/www.iparlat.com\/eu\/wp-json\/wp\/v2\/pages\/8065\/revisions\/8068"}],"wp:attachment":[{"href":"https:\/\/www.iparlat.com\/eu\/wp-json\/wp\/v2\/media?parent=8065"}],"curies":[{"name":"wp","href":"https:\/\/api.w.org\/{rel}","templated":true}]}}

<div style="height:100px" aria-hidden="true" class="wp-block-spacer"></div>

<h1 class="wp-block-heading"><strong>Politika korporatiboa</strong></h1>

<p> Buscamos un proyecto empresarial en el ámbito de la alimentación basado en las personas que, trabajando en equipo hagan de las plantas del grupo Iparlat, mediante la continua satisfacción de los clientes, una de las empresas líderes del mercado. Basamos nuestro modelo en cinco premisas fundamentales:  </p>

<h3 class="wp-block-heading has-text-color has-link-color wp-elements-ab766ba3a94bbdf32e06534b8fb86adb" style="color:#365f92">1.- EL COMPROMISO CON NUESTROS CLIENTES/CONSUMIDORES<br/></h3>

<p>Estamos en constante comunicación con los clientes con la finalidad de conocer sus opiniones, necesidades y expectativas. Todas ellas son consideradas en todo momento e incorporadas gradualmente a nuestros productos y procesos, tratándolas por tanto como constantes oportunidades de mejora. </p>

<h3 class="wp-block-heading has-text-color has-link-color wp-elements-a46b484f4607a8d43679e13f2dd75cc4" style="color:#365f92">2.- RESPONSABILIDAD ÉTICA Y PERSONAL</h3>

<p>La formación, la información y la comunicación, se consideran planteamientos imprescindibles para la participación activa de todo el personal en la empresa y su identificación con los objetivos de la misma. Así mismo, consideramos fundamental impulsar la cultura de compartir valores, creencias y normas que afectan a la mentalidad y el comportamiento hacia la seguridad alimentaria, además de ser respetuosos con los derechos de los trabajadores. </p>

<h3 class="wp-block-heading has-text-color has-link-color wp-elements-7c222d9348dbeafcf49d955821db93fe" style="color:#365f92">3.- EL PRODUCTO</h3>

<p>Los productos que elaboran las plantas de Iparlat constituyen fiel reflejo de nuestra organización, y la calidad y seguridad alimentaria de los mismos vendrá dada desde la materia prima al producto final.<br/>Cada producto es elaborado teniendo siempre en cuenta los requisitos internos de la organización, los requisitos legales aplicables y los requisitos del cliente y para cumplir con este fin la empresa trabaja bajo normas de certificación de sistemas de calidad.<br/>Así mismo, para proteger los productos frente a contaminaciones intencionadas Iparlat tiene establecido un “Plan de Defensa de los Alimentos (Food Defense)” y un “Plan de mitigación del fraude (Food Fraud)” en el que se contemplan diferentes medidas preventivas en: materias primas, materiales auxiliares, ingredientes, transporte, exteriores, interiores y personal (empleados internos, subcontratas y visitas).</p>

<h3 class="wp-block-heading has-text-color has-link-color wp-elements-9ce25898d4573179ac37545587f7d47b" style="color:#365f92">4.- EL COMPROMISO CON EL MEDIO AMBIENTE</h3>

<p>Hacemos expresa la voluntad de cumplir las exigencias de la legislación medioambiental y reglamentos aplicables, y otros requisitos que se suscriban, en relación a nuestros aspectos ambientales.</p>

<h3 class="wp-block-heading has-text-color has-link-color wp-elements-c472c39d4c73fd0f23024db81fd512fd" style="color:#365f92">5.- SOSTENIBILIDAD</h3>

<p>Somos conscientes de que el desarrollo sostenible desde el punto de vista medioambiental, económico y social resulta imprescindible para mejorar el bienestar y las condiciones de vida de las generaciones presentes y futuras. Y por ello Iparlat tendrá en cuenta estos aspectos en el desarrollo de sus funciones y actividades. <br/></p>

<p>El cumplimiento de estas premisas, junto con nuestra gestión diaria y la mejora continua, nos garantizará el éxito de nuestro modelo de negocio.</p>

<figure class="wp-block-image alignright"><img loading="lazy" decoding="async" width="200" height="93" src="https://www.iparlat.com/wp-content/uploads/2022/12/firma-director-iparlat.jpg" alt="" class="wp-image-7709"/><figcaption class="wp-element-caption">Angel Mº Gil<br/><em>Director General de Iparlat</em></figcaption></figure>

<p></p>

<div style="height:40px" aria-hidden="true" class="wp-block-spacer"></div>

<p><a href="https://www.iparlat.com/wp-content/uploads/2024/05/Politica-Corporativa-Iparlat.pdf" data-type="link" data-id="https://www.iparlat.com/wp-content/uploads/2024/05/Politica-Corporativa-Iparlat.pdf" target="_blank" rel="noreferrer noopener">Descargar en formato PDF</a></p>

<div style="height:100px" aria-hidden="true" class="wp-block-spacer"></div>

<p>Politika korporatiboa Buscamos un proyecto empresarial en el ámbito de la alimentación basado en las personas que, trabajando en equipo hagan de las plantas del grupo Iparlat, mediante la continua satisfacción de los clientes, una de las empresas líderes del mercado. Basamos nuestro modelo en cinco premisas fundamentales: 1.- EL COMPROMISO CON NUESTROS CLIENTES/CONSUMIDORES Estamos [&hellip;]</p>
